{"id":1346,"date":"2023-07-23T18:23:22","date_gmt":"2023-07-23T16:23:22","guid":{"rendered":"http:\/\/nowebhere.com\/?post_type=product&#038;p=1346"},"modified":"2023-07-23T18:23:36","modified_gmt":"2023-07-23T16:23:36","slug":"hadice-privodni-16mm","status":"publish","type":"product","link":"https:\/\/nowebhere.com\/?product=hadice-privodni-16mm","title":{"rendered":"Hadice p\u0159\u00edvodn\u00ed 16mm"},"content":{"rendered":"","protected":false},"excerpt":{"rendered":"<h4>Hadice Standard p\u0159\u00edvodn\u00ed 16mm<\/h4>\n<ul>\n<li>Kapkov\u00e1 hadice vyrobena z n\u00edzkohustotn\u00edho polyetylenu LDPE<\/li>\n<li>Vhodn\u00e9 pro vnit\u0159n\u00ed i venkovn\u00ed instalace<\/li>\n<li>V\u0161echny hadice jsou otestov\u00e1ny dle normy PN10<\/li>\n<li>Maxim\u00e1ln\u00ed mo\u017en\u00fd tlak 4,3MPa<\/li>\n<li>Hadice jsou \u010dern\u00e9.<\/li>\n<\/ul>\n","protected":false},"featured_media":1356,"comment_status":"closed","ping_status":"closed","template":"","meta":[],"product_cat":[30],"product_tag":[],"class_list":{"0":"post-1346","1":"product","2":"type-product","3":"status-publish","4":"has-post-thumbnail","6":"product_cat-privodni-hadice","8":"first","9":"instock","10":"featured","11":"shipping-taxable","12":"purchasable","13":"product-type-variable"},"_links":{"self":[{"href":"https:\/\/nowebhere.com\/index.php?rest_route=\/wp\/v2\/product\/1346","targetHints":{"allow":["GET"]}}],"collection":[{"href":"https:\/\/nowebhere.com\/index.php?rest_route=\/wp\/v2\/product"}],"about":[{"href":"https:\/\/nowebhere.com\/index.php?rest_route=\/wp\/v2\/types\/product"}],"replies":[{"embeddable":true,"href":"https:\/\/nowebhere.com\/index.php?rest_route=%2Fwp%2Fv2%2Fcomments&post=1346"}],"wp:featuredmedia":[{"embeddable":true,"href":"https:\/\/nowebhere.com\/index.php?rest_route=\/wp\/v2\/media\/1356"}],"wp:attachment":[{"href":"https:\/\/nowebhere.com\/index.php?rest_route=%2Fwp%2Fv2%2Fmedia&parent=1346"}],"wp:term":[{"taxonomy":"product_cat","embeddable":true,"href":"https:\/\/nowebhere.com\/index.php?rest_route=%2Fwp%2Fv2%2Fproduct_cat&post=1346"},{"taxonomy":"product_tag","embeddable":true,"href":"https:\/\/nowebhere.com\/index.php?rest_route=%2Fwp%2Fv2%2Fproduct_tag&post=1346"}],"curies":[{"name":"wp","href":"https:\/\/api.w.org\/{rel}","templated":true}]}}